{"id":3632,"date":"2025-02-20T20:10:21","date_gmt":"2025-02-20T19:10:21","guid":{"rendered":"https:\/\/kampery.rzeszow.pl\/Ogloszenia\/?post_type=product&#038;p=3632"},"modified":"2025-02-20T20:12:08","modified_gmt":"2025-02-20T19:12:08","slug":"roller-team-kronos-298tl","status":"publish","type":"product","link":"https:\/\/kampery.rzeszow.pl\/Ogloszenia\/produkt\/roller-team-kronos-298tl\/","title":{"rendered":"ROLLER TEAM KRONOS 298TL"},"content":{"rendered":"<p><strong>ROLLER TEAM KRONOS 298TL<\/strong><\/p>\n<p><a href=\"http:\/\/kampery.rzeszow.pl\/Ogloszenia\/wp-content\/uploads\/2025\/02\/RT_KRONOS_298TL_2025-1536x746-1.webp\"><img loading=\"lazy\" decoding=\"async\" class=\"alignnone size-medium wp-image-3633\" src=\"http:\/\/kampery.rzeszow.pl\/Ogloszenia\/wp-content\/uploads\/2025\/02\/RT_KRONOS_298TL_2025-1536x746-1-300x146.webp\" alt=\"\" width=\"300\" height=\"146\" srcset=\"https:\/\/kampery.rzeszow.pl\/Ogloszenia\/wp-content\/uploads\/2025\/02\/RT_KRONOS_298TL_2025-1536x746-1-300x146.webp 300w, https:\/\/kampery.rzeszow.pl\/Ogloszenia\/wp-content\/uploads\/2025\/02\/RT_KRONOS_298TL_2025-1536x746-1-1024x497.webp 1024w, https:\/\/kampery.rzeszow.pl\/Ogloszenia\/wp-content\/uploads\/2025\/02\/RT_KRONOS_298TL_2025-1536x746-1-768x373.webp 768w, https:\/\/kampery.rzeszow.pl\/Ogloszenia\/wp-content\/uploads\/2025\/02\/RT_KRONOS_298TL_2025-1536x746-1-600x291.webp 600w, https:\/\/kampery.rzeszow.pl\/Ogloszenia\/wp-content\/uploads\/2025\/02\/RT_KRONOS_298TL_2025-1536x746-1.webp 1536w\" sizes=\"auto, (max-width: 300px) 100vw, 300px\" \/><\/a><\/p>\n<p>&nbsp;<\/p>\n<p><strong>SPECYFIKACJA TECHNICZNA KAMPERA:<\/strong><\/p>\n<p>&nbsp;<\/p>\n<p>d\u0142ugo\u015b\u0107 (mm): 7450<\/p>\n<p>szeroko\u015b\u0107 (mm): 2350<\/p>\n<p>wysoko\u015b\u0107 (mm): 2950<\/p>\n<p>&nbsp;<\/p>\n<p>SAMOCH\u00d3D : FORD TRANSIT 2.0 diesel <strong>165 KM<u><br \/>\n<\/u>ROK PRODUKCJI: 2025<\/strong><br \/>\nILO\u015a\u0106 OS\u00d3B : <strong>5<\/strong><br \/>\nDMC: 3500 kg<br \/>\nKOLORYSTYKA MEBLI &#8211; CIEMNE DREWNO + bia\u0142e fronty<\/p>\n<p>KOLORYSTYKA TAPICERKI &#8211; Chenille<\/p>\n<p>Skrzynia bieg\u00f3w: <strong>automatyczna<\/strong><\/p>\n<hr \/>\n<p>&nbsp;<\/p>\n<p><b>Wyposa\u017cenie Standardowe:<\/b><\/p>\n<p>Klimatyzacja silnikowa<\/p>\n<p>ESP<\/p>\n<p>Stela\u017c \u0142\u00f3\u017cka i materace<\/p>\n<p>Poduszka powietrzna kierowcy i pasa\u017cera<\/p>\n<p>Tempomat<\/p>\n<p>Drzwi wej\u015bciowe z oknem<\/p>\n<p>Moskitiera w drzwiach wej\u015bciowych<\/p>\n<p>Pokrowce na siedzenia<\/p>\n<p>Grubo\u015b\u0107 pod\u0142ogi\/\u015bcian\/dachu (cm) 5,4\/3\/3<\/p>\n<p>\u015aciany z w\u0142\u00f3kna szklanego<\/p>\n<p>Schowek na 2 butle gazowe<\/p>\n<p>Zbiornik na czyst\u0105 wod\u0119 100L<\/p>\n<p>Zbiornik na \u015bcieki 100L<\/p>\n<p>Obrotowe siedzenia w kabinie kierowcy<\/p>\n<p>Kuchenka gazowa 3 palnikowa<\/p>\n<p>Lod\u00f3wka 135l 220V, 12V i gaz z automatycznym wybieraniem \u017ar\u00f3d\u0142a zasilania<\/p>\n<p>\u0141\u00f3\u017cko opuszczane elektrycznie w cz\u0119\u015bci dziennej nad stolikiem<\/p>\n<p>Poszerzana o\u015b<\/p>\n<p>Fix 7 Go zestaw naprawczy<\/p>\n<p>Zamek centralny do kabiny kierowcy z pilotem<\/p>\n<p>ABS<\/p>\n<p>Fotele kierowcy i pasa\u017cera z regulacj\u0105 wysoko\u015bci i nachylenia<\/p>\n<p>Drugie drzwi gara\u017cowe zapewniaj\u0105ce doj\u015bcie do gara\u017cu od strony kierowcy jak i pasa\u017cera<\/p>\n<p>Zderzak przedni w kolorze nadwozia<\/p>\n<p>Gniazdko 230V w luku baga\u017cowym<\/p>\n<p>Gniazdko USB w sypialni<\/p>\n<p>Drzwi wej\u015bciowe do zabudowy XL<\/p>\n<p>Ogrzewanie gazowe TRUMA COMBI 4000W<\/p>\n<p>\u0141\u00f3\u017cko ze stolika w cz\u0119\u015bci dziennej<\/p>\n<p>&nbsp;<\/p>\n<p><b>PAKIET FORD:<\/b><\/p>\n<p>Silnik 165 KM<\/p>\n<p>Reflektory ze statycznym do\u015bwietlaniem zakr\u0119t\u00f3w<\/p>\n<p>Wyko\u0144czenie wn\u0119trza i deska rozdzielcza \u201eTrend\u201d.<\/p>\n<p>Zderzaki i listwy boczne pomalowane w kolorze nadwozia<\/p>\n<p>XL &#8211; drzwi mieszkalne z 2 punktami ryglowania, oknem i centralnym zamykaniem<\/p>\n<p>Panel s\u0142oneczny o mocy 200 W z kontrolerem MPPT<\/p>\n<p>Plisowana roleta kabiny na drzwiach bocznych + roleta szyby przedniej<\/p>\n<p>Ekran dotykowy 12 cali w desce rozdzielczej FORD<\/p>\n<p>&nbsp;<\/p>\n<p><b>PAKIET SELEKT:<\/b><\/p>\n<p>8 stopniowa automatyczna skrzynia bieg\u00f3w<\/p>\n<p>&nbsp;<\/p>\n<p><b>PAKIET EXTRA ASSISTANCE:<\/b><\/p>\n<p>Adaptacyjny tempomat z centrowaniem pasa ruchu i funkcj\u0105 Stop &amp; Go<\/p>\n<p>Rozpoznawanie znak\u00f3w zintegrowane z adaptacyjnym tempomatem<\/p>\n<p>Przednia szyba podgrzewana<\/p>\n<p>Asystent przedkolizyjny 2.2<\/p>\n<p>Sk\u0142adane lusterka podgrzewane<\/p>\n<p>Centrum nawigacji<\/p>\n<p>&nbsp;<\/p>\n<p><b>PAKIET ZIMOWY:<\/b><\/p>\n<p>Izolacja stopnia wej\u015bciowego<\/p>\n<p>Ogrzewane rurki zewn\u0119trzne<\/p>\n<p>Izolowany zbiornik na wod\u0119 szar\u0105<\/p>\n<hr \/>\n<p>&nbsp;<\/p>\n<p><b>Cena zawieraj\u0105ca akcyz\u0119 i koszt transportu z fabryki:<\/b><\/p>\n<p>349 000 z\u0142 brutto (z VAT)<\/p>\n<p>283 740 z\u0142 netto<\/p>\n<hr \/>\n<p>&nbsp;<\/p>\n<p><em>Niniejsze og\u0142oszenie nie stanowi oferty w my\u015bl k.c. Mimo do\u0142o\u017conych stara\u0144 mog\u0105 znale\u017a\u0107 si\u0119 b\u0142\u0119dy w og\u0142oszeniu.<\/em><\/p>\n","protected":false},"excerpt":{"rendered":"<p>ROLLER TEAM KRONOS 298TL &nbsp; SPECYFIKACJA TECHNICZNA KAMPERA: &nbsp; d\u0142ugo\u015b\u0107 (mm): 7450 szeroko\u015b\u0107 (mm): 2350 wysoko\u015b\u0107 (mm): 2950 &nbsp; SAMOCH\u00d3D : FORD TRANSIT 2.0 diesel 165 KM ROK PRODUKCJI: 2025 ILO\u015a\u0106 OS\u00d3B : 5 DMC: 3500 kg KOLORYSTYKA MEBLI &#8211; &hellip; <a href=\"https:\/\/kampery.rzeszow.pl\/Ogloszenia\/produkt\/roller-team-kronos-298tl\/\">Continued<\/a><\/p>\n","protected":false},"featured_media":3636,"template":"","meta":[],"product_brand":[],"product_cat":[18],"product_tag":[],"class_list":{"0":"post-3632","1":"product","2":"type-product","3":"status-publish","4":"has-post-thumbnail","6":"product_cat-kampery","8":"first","9":"instock","10":"taxable","11":"shipping-taxable","12":"purchasable","13":"product-type-simple"},"_links":{"self":[{"href":"https:\/\/kampery.rzeszow.pl\/Ogloszenia\/wp-json\/wp\/v2\/product\/3632","targetHints":{"allow":["GET"]}}],"collection":[{"href":"https:\/\/kampery.rzeszow.pl\/Ogloszenia\/wp-json\/wp\/v2\/product"}],"about":[{"href":"https:\/\/kampery.rzeszow.pl\/Ogloszenia\/wp-json\/wp\/v2\/types\/product"}],"wp:featuredmedia":[{"embeddable":true,"href":"https:\/\/kampery.rzeszow.pl\/Ogloszenia\/wp-json\/wp\/v2\/media\/3636"}],"wp:attachment":[{"href":"https:\/\/kampery.rzeszow.pl\/Ogloszenia\/wp-json\/wp\/v2\/media?parent=3632"}],"wp:term":[{"taxonomy":"product_brand","embeddable":true,"href":"https:\/\/kampery.rzeszow.pl\/Ogloszenia\/wp-json\/wp\/v2\/product_brand?post=3632"},{"taxonomy":"product_cat","embeddable":true,"href":"https:\/\/kampery.rzeszow.pl\/Ogloszenia\/wp-json\/wp\/v2\/product_cat?post=3632"},{"taxonomy":"product_tag","embeddable":true,"href":"https:\/\/kampery.rzeszow.pl\/Ogloszenia\/wp-json\/wp\/v2\/product_tag?post=3632"}],"curies":[{"name":"wp","href":"https:\/\/api.w.org\/{rel}","templated":true}]}}

<p><strong>ROLLER TEAM KRONOS 298TL</strong></p>
<p><a href="http://kampery.rzeszow.pl/Ogloszenia/wp-content/uploads/2025/02/RT_KRONOS_298TL_2025-1536x746-1.webp"><img loading="lazy" decoding="async" class="alignnone size-medium wp-image-3633" src="http://kampery.rzeszow.pl/Ogloszenia/wp-content/uploads/2025/02/RT_KRONOS_298TL_2025-1536x746-1-300x146.webp" alt="" width="300" height="146" srcset="https://kampery.rzeszow.pl/Ogloszenia/wp-content/uploads/2025/02/RT_KRONOS_298TL_2025-1536x746-1-300x146.webp 300w, https://kampery.rzeszow.pl/Ogloszenia/wp-content/uploads/2025/02/RT_KRONOS_298TL_2025-1536x746-1-1024x497.webp 1024w, https://kampery.rzeszow.pl/Ogloszenia/wp-content/uploads/2025/02/RT_KRONOS_298TL_2025-1536x746-1-768x373.webp 768w, https://kampery.rzeszow.pl/Ogloszenia/wp-content/uploads/2025/02/RT_KRONOS_298TL_2025-1536x746-1-600x291.webp 600w, https://kampery.rzeszow.pl/Ogloszenia/wp-content/uploads/2025/02/RT_KRONOS_298TL_2025-1536x746-1.webp 1536w" sizes="auto, (max-width: 300px) 100vw, 300px" /></a></p>
<p>&nbsp;</p>
<p><strong>SPECYFIKACJA TECHNICZNA KAMPERA:</strong></p>
<p>&nbsp;</p>
<p>długość (mm): 7450</p>
<p>szerokość (mm): 2350</p>
<p>wysokość (mm): 2950</p>
<p>&nbsp;</p>
<p>SAMOCHÓD : FORD TRANSIT 2.0 diesel <strong>165 KM<u><br />
</u>ROK PRODUKCJI: 2025</strong><br />
ILOŚĆ OSÓB : <strong>5</strong><br />
DMC: 3500 kg<br />
KOLORYSTYKA MEBLI &#8211; CIEMNE DREWNO + białe fronty</p>
<p>KOLORYSTYKA TAPICERKI &#8211; Chenille</p>
<p>Skrzynia biegów: <strong>automatyczna</strong></p>
<hr />
<p>&nbsp;</p>
<p><b>Wyposażenie Standardowe:</b></p>
<p>Klimatyzacja silnikowa</p>
<p>ESP</p>
<p>Stelaż łóżka i materace</p>
<p>Poduszka powietrzna kierowcy i pasażera</p>
<p>Tempomat</p>
<p>Drzwi wejściowe z oknem</p>
<p>Moskitiera w drzwiach wejściowych</p>
<p>Pokrowce na siedzenia</p>
<p>Grubość podłogi/ścian/dachu (cm) 5,4/3/3</p>
<p>Ściany z włókna szklanego</p>
<p>Schowek na 2 butle gazowe</p>
<p>Zbiornik na czystą wodę 100L</p>
<p>Zbiornik na ścieki 100L</p>
<p>Obrotowe siedzenia w kabinie kierowcy</p>
<p>Kuchenka gazowa 3 palnikowa</p>
<p>Lodówka 135l 220V, 12V i gaz z automatycznym wybieraniem źródła zasilania</p>
<p>Łóżko opuszczane elektrycznie w części dziennej nad stolikiem</p>
<p>Poszerzana oś</p>
<p>Fix 7 Go zestaw naprawczy</p>
<p>Zamek centralny do kabiny kierowcy z pilotem</p>
<p>ABS</p>
<p>Fotele kierowcy i pasażera z regulacją wysokości i nachylenia</p>
<p>Drugie drzwi garażowe zapewniające dojście do garażu od strony kierowcy jak i pasażera</p>
<p>Zderzak przedni w kolorze nadwozia</p>
<p>Gniazdko 230V w luku bagażowym</p>
<p>Gniazdko USB w sypialni</p>
<p>Drzwi wejściowe do zabudowy XL</p>
<p>Ogrzewanie gazowe TRUMA COMBI 4000W</p>
<p>Łóżko ze stolika w części dziennej</p>
<p>&nbsp;</p>
<p><b>PAKIET FORD:</b></p>
<p>Silnik 165 KM</p>
<p>Reflektory ze statycznym doświetlaniem zakrętów</p>
<p>Wykończenie wnętrza i deska rozdzielcza „Trend”.</p>
<p>Zderzaki i listwy boczne pomalowane w kolorze nadwozia</p>
<p>XL &#8211; drzwi mieszkalne z 2 punktami ryglowania, oknem i centralnym zamykaniem</p>
<p>Panel słoneczny o mocy 200 W z kontrolerem MPPT</p>
<p>Plisowana roleta kabiny na drzwiach bocznych + roleta szyby przedniej</p>
<p>Ekran dotykowy 12 cali w desce rozdzielczej FORD</p>
<p>&nbsp;</p>
<p><b>PAKIET SELEKT:</b></p>
<p>8 stopniowa automatyczna skrzynia biegów</p>
<p>&nbsp;</p>
<p><b>PAKIET EXTRA ASSISTANCE:</b></p>
<p>Adaptacyjny tempomat z centrowaniem pasa ruchu i funkcją Stop &amp; Go</p>
<p>Rozpoznawanie znaków zintegrowane z adaptacyjnym tempomatem</p>
<p>Przednia szyba podgrzewana</p>
<p>Asystent przedkolizyjny 2.2</p>
<p>Składane lusterka podgrzewane</p>
<p>Centrum nawigacji</p>
<p>&nbsp;</p>
<p><b>PAKIET ZIMOWY:</b></p>
<p>Izolacja stopnia wejściowego</p>
<p>Ogrzewane rurki zewnętrzne</p>
<p>Izolowany zbiornik na wodę szarą</p>
<hr />
<p>&nbsp;</p>
<p><b>Cena zawierająca akcyzę i koszt transportu z fabryki:</b></p>
<p>349 000 zł brutto (z VAT)</p>
<p>283 740 zł netto</p>
<hr />
<p>&nbsp;</p>
<p><em>Niniejsze ogłoszenie nie stanowi oferty w myśl k.c. Mimo dołożonych starań mogą znaleźć się błędy w ogłoszeniu.</em></p>

<p>ROLLER TEAM KRONOS 298TL &nbsp; SPECYFIKACJA TECHNICZNA KAMPERA: &nbsp; długość (mm): 7450 szerokość (mm): 2350 wysokość (mm): 2950 &nbsp; SAMOCHÓD : FORD TRANSIT 2.0 diesel 165 KM ROK PRODUKCJI: 2025 ILOŚĆ OSÓB : 5 DMC: 3500 kg KOLORYSTYKA MEBLI &#8211; &hellip; <a href="https://kampery.rzeszow.pl/Ogloszenia/produkt/roller-team-kronos-298tl/">Continued</a></p>
